3051 a prime number?
True
Is 79154328227 a prime number?
False
Is 2906488841 a prime number?
True
Is 23102759 composite?
False
Is 218742023 a prime number?
True
Is 85258488971 prime?
True
Is 14829872339 prime?
False
Is 17407127579 prime?
True
Is 56910995619 a prime number?
False
Is 7517998021 composite?
False
Is 7085635181 a prime number?
False
Is 2928813835 a prime number?
False
Is 1337823833 a prime number?
False
Is 19185094697 prime?
True
Is 547988977 composite?
True
Is 24831437429 prime?
False
Is 88117761343 prime?
True
Is 6711474251 a composite number?
True
Is 375983885 prime?
False
Is 649307821 prime?
True
Is 22192466161 a prime number?
True
Is 92732056559 a prime number?
True
Is 3247539851 a prime number?
True
Is 7781913527 a prime number?
True
Is 37927151 composite?
False
Is 72116178851 prime?
False
Is 45192793 composite?
True
Is 29782210343 composite?
False
Is 195123959 composite?
True
Is 147942383221 a prime number?
True
Is 24336700057 a prime number?
True
Is 636373301 composite?
True
Is 200178545617 composite?
False
Is 113600623 prime?
False
Is 12178232135 a prime number?
False
Is 217954379 prime?
False
Is 54912953 prime?
False
Is 33326928779 composite?
False
Is 556220677 a prime number?
True
Is 61722206989 composite?
True
Is 280247453 composite?
True
Is 254807159626 a prime number?
False
Is 72563400997 prime?
False
Is 12537818191 prime?
True
Is 813855947 a composite number?
True
Is 16533502003 composite?
False
Is 6698967241 a composite number?
False
Is 68706699001 a composite number?
True
Is 57373091 a prime number?
True
Is 143106091 prime?
False
Is 56687186 composite?
True
Is 18775008293 a composite number?
False
Is 21291245333 composite?
False
Is 44382338629 a prime number?
True
Is 483998353 a prime number?
True
Is 693245027 a prime number?
True
Is 151909597 composite?
True
Is 246318971 a composite number?
True
Is 1276514969 a composite number?
True
Is 979904521 a prime number?
True
Is 12168545523 composite?
True
Is 1183857953 a composite number?
False
Is 8866759633 prime?
True
Is 85916981981 composite?
False
Is 57067458069 prime?
False
Is 778095327 prime?
False
Is 44995207 prime?
False
Is 60069254173 prime?
True
Is 1042396843 a composite number?
False
Is 8967541087 a composite number?
False
Is 488674757 a composite number?
True
Is 48832265639 composite?
False
Is 805868293 a composite number?
False
Is 1758496283 composite?
True
Is 256616639 a prime number?
False
Is 64360860119 a prime number?
True
Is 6925137503 a prime number?
True
Is 4667790551 a composite number?
True
Is 238348626869 a composite number?
False
Is 8259732769 composite?
True
Is 1221869213 a composite number?
True
Is 909786599 composite?
True
Is 2555120419 a composite number?
True
Is 2545924393 prime?
True
Is 303092837 a prime number?
True
Is 4111130479 a prime number?
True
Is 3053702413 a composite number?
True
Is 1500188087 a prime number?
False
Is 35926268537 composite?
False
Is 4684721633 a prime number?
False
Is 5728509301 a composite number?
True
Is 670652767 prime?
True
Is 505155499 a composite number?
False
Is 4473257 prime?
False
Is 556583719 prime?
False
Is 78832954639 composite?
False
Is 185929013 a prime number?
True
Is 156240037 a composite number?
True
Is 2703286699 a composite number?
True
Is 464033611 a prime number?
False
Is 2291719427 composite?
False
Is 305799373 a prime number?
False
Is 27968513653 a prime number?
True
Is 22603400471 a composite number?
False
Is 17811173153 a prime number?
True
Is 14086024607 a composite number?
False
Is 50305280929 prime?
True
Is 700295599 prime?
True
Is 14123009041 a composite number?
False
Is 4130272969 prime?
False
Is 3185429099 composite?
True
Is 11022455251 prime?
True
Is 59454634705 composite?
True
Is 9046747 a prime number?
False
Is 60961919 composite?
False
Is 137322028537 prime?
True
Is 17880539167 a prime number?
True
Is 393407393 composite?
True
Is 113973557 prime?
True
Is 84447787537 a composite number?
False
Is 186476733147 prime?
False
Is 2393812933 composite?
False
Is 2092884083 a composite number?
True
Is 4050715567 composite?
False
Is 2554359997 prime?
False
Is 18824087 a composite number?
False
Is 2047552283 composite?
True
Is 572518923 a composite number?
True
Is 132945460883 prime?
True
Is 278721593 composite?
False
Is 3233500729 a composite number?
False
Is 91871547 a composite number?
True
Is 97963493 a composite number?
False
Is 19787962841 a prime number?
False
Is 374612489 prime?
False
Is 472760297 a composite number?
True
Is 404531713 composite?
False
Is 2809757653 a prime number?
True
Is 3308566223 composite?
False
Is 1296561089 prime?
True
Is 1973841659 composite?
False
Is 5285837287 a prime number?
False
Is 10503916387 a prime number?
True
Is 2986172263 a composite number?
False
Is 3501914179 a composite number?
False
Is 24851585809 a composite number?
False
Is 1925701873 prime?
False
Is 1542900641 a composite number?
False
Is 37001475655 composite?
True
Is 754880921 a prime number?
True
Is 893784865 prime?
False
Is 30043241 composite?
False
Is 11250284663 composite?
False
Is 782030867 prime?
True
Is 2440720717 composite?
False
Is 18789491711 a composite number?
True
Is 8282144159 prime?
False
Is 8472882251 prime?
True
Is 1750238173 prime?
True
Is 106396313 a prime number?
True
Is 302912699857 a composite number?
False
Is 2709805429 composite?
True
Is 1787455199 a prime number?
False
Is 9231682699 composite?
True
Is 6209598463 prime?
False
Is 193900321 a prime number?
True
Is 384674699 a prime number?
True
Is 994905551 prime?
True
Is 12708640537 a composite number?
True
Is 117303079013 prime?
True
Is 4628052283 composite?
False
Is 51423999841 a composite number?
False
Is 1336121881 a composite number?
True
Is 16975168985 a composite number?
True
Is 9700139 prime?
True
Is 1527820829 composite?
True
Is 6847552282 prime?
False
Is 4328114449 a prime number?
False
Is 428708807 a prime number?
True
Is 860735609 a prime number?
True
Is 2527596557 a composite number?
False
Is 2650274483 composite?
True
Is 418812431 a composite number?
False
Is 81280799 a prime number?
False
Is 99095905901 prime?
False
Is 9227241461 prime?
True
Is 32194177 a prime number?
False
Is 3012032071 prime?
False
Is 19650169489 composite?
False
Is 440550973 prime?
True
Is 566906407 composite?
False
Is 138553243 prime?
True
Is 31879135469 a prime number?
True
Is 6195130429 composite?
True
Is 139919807899 a prime number?
True
Is 28280154169 a prime number?
False
Is 10005499151 a composite number?
False
Is 52426173707 composite?
True
Is 10164050647 prime?
False
Is 1870350427 a composite number?
True
Is 30968637487 a composite number?
True
Is 123025369 a composite number?
True
Is 114337033 composite?
True
Is 11597625111 a prime number?
False
Is 1515511939 a prime number?
False
Is 646229251 composite?
False
Is 8960388929 a prime number?
False
Is 167333531 a prime number?
False
Is 1520764723 prime?
False
Is 29989918967 composite?
True
Is 5243635121 a composite number?
False
Is 98538857 composite?
False
Is 2507648293 a prime number?
False
Is 82690691 prime?
True
Is 64611409981 a composite number?
True
Is 25308776873 prime?
True
Is 1173335411 a composite number?
False
Is 177793117 a composite number?
False
Is 4059507323 a prime number?
True
Is 4653197573 a composite number?
True
Is 86834563 a composite number?
True
Is 1084821847 a prime number?
True
Is 683701771 a prime number?
True
Is 179920038359 composite?
False
Is 126158299 a composite number?
False
Is 68218459 a composite number?
True
Is 2660612287 a prime number?
True
Is 6069300841 a prime number?
True
Is 1038703 composite?
True
Is 18612542173 a prime number?
False
Is 1508086427 prime?
True
Is 54228069683 a prime number?
True
Is 41865749677 a composite number?
False
Is 2158759789 prime?
False
Is 6021026437 a prime number?
True
Is 436417831 a composite number?
True
Is 229652053 composite?
False
Is 952888991 a composite number?
True
Is 202491823531 a prime number?
True
Is 3271401797 a composite number?
False
Is 287067563 composite?
True
Is 55598867189 prime?
True
Is 2035154026 composite?
True
Is 287018621 a composite number?
True
Is 71891892197 prime?
False
Is 5086472549 a composite number?
False
Is 1454312287 composite?
True
Is 911878789 composite?
False
Is 5343801